at is the greatest common factor of 272 and 25137016?
136
What is the greatest common factor of 10051 and 102886843?
437
What is the highest common factor of 2530552 and 294814?
782
What is the highest common factor of 158268176 and 627?
209
What is the greatest common factor of 147 and 3113474?
7
Calculate the greatest common factor of 979296019 and 21099.
7033
Calculate the highest common divisor of 45 and 202162140.
45
Calculate the highest common divisor of 6463 and 2311225.
281
Calculate the highest common factor of 10230 and 2326581.
93
What is the highest common factor of 33369 and 16317?
147
Calculate the highest common divisor of 7984 and 10864228.
1996
Calculate the highest common factor of 31334314 and 16808.
4202
Calculate the highest common factor of 242464519 and 121.
121
What is the highest common divisor of 6370 and 4102070?
70
What is the highest common factor of 9 and 668079846?
9
What is the greatest common divisor of 159 and 37341309?
159
What is the greatest common factor of 278092 and 111?
37
Calculate the greatest common factor of 32709450 and 1725.
1725
Calculate the highest common divisor of 3796725 and 618171.
2139
What is the greatest common factor of 25120 and 46710?
10
Calculate the greatest common factor of 22306 and 27284.
38
Calculate the highest common divisor of 28 and 19741127.
7
Calculate the highest common divisor of 590929385 and 1609.
1609
Calculate the greatest common factor of 1467 and 8522455.
163
Calculate the greatest common factor of 13455228 and 306.
102
Calculate the highest common factor of 14793 and 16629.
3
What is the highest common factor of 12095 and 97587298?
2419
What is the highest common factor of 45660 and 3620?
20
What is the greatest common divisor of 5886388 and 1686?
562
Calculate the greatest common divisor of 822664 and 53912.
184
What is the greatest common divisor of 304481208 and 3480?
696
Calculate the highest common divisor of 1070184 and 183.
183
What is the greatest common divisor of 4480 and 1194445?
35
What is the highest common factor of 782 and 7287101?
17
Calculate the highest common divisor of 16905 and 7703976.
147
What is the highest common factor of 13676495 and 18616?
179
What is the highest common divisor of 90372552 and 18?
6
What is the greatest common factor of 128831552 and 53?
53
What is the greatest common factor of 1406 and 595992?
38
What is the highest common factor of 4591562 and 2056?
514
Calculate the greatest common factor of 6071 and 1618409.
13
What is the highest common factor of 693 and 159521901?
231
Calculate the highest common factor of 10073 and 3290993.
1439
What is the highest common factor of 455710 and 49922?
458
Calculate the greatest common factor of 48 and 63716928.
48
Calculate the greatest common divisor of 96 and 881640.
24
Calculate the greatest common divisor of 644985 and 315975.
165
Calculate the greatest common factor of 485779 and 49.
7
What is the highest common factor of 78 and 584870?
26
What is the greatest common factor of 3164601 and 4125?
33
What is the highest common divisor of 9377907 and 23100?
231
Calculate the highest common divisor of 179 and 33473537.
179
Calculate the highest common factor of 10 and 143443490.
10
What is the highest common divisor of 257919 and 37995?
447
What is the highest common factor of 84015 and 209493?
9
What is the highest common divisor of 1775433 and 13065?
201
Calculate the highest common divisor of 30 and 1607290.
10
What is the highest common factor of 160741 and 10178?
7
Calculate the highest common divisor of 1473017 and 26.
13
Calculate the highest common divisor of 926684553 and 582.
291
What is the highest common factor of 1260770 and 519995?
2905
Calculate the highest common divisor of 217 and 539.
7
Calculate the highest common factor of 1609461 and 2128.
7
Calculate the highest common factor of 3528 and 170037.
63
Calculate the highest common divisor of 553 and 128136341.
79
Calculate the greatest common factor of 146088 and 2718.
18
Calculate the greatest common divisor of 117032 and 136.
8
Calculate the highest common factor of 7375 and 152633.
59
Calculate the greatest common factor of 2585 and 37646389.
517
Calculate the highest common divisor of 125528 and 748.
68
Calculate the greatest common divisor of 196703 and 2951.
13
Calculate the highest common factor of 15065248 and 1128776.
11176
What is the greatest common factor of 8344 and 3402?
14
Calculate the greatest common divisor of 150 and 71572350.
150
Calculate the greatest common divisor of 10682168 and 280.
56
What is the greatest common factor of 4948569465 and 959?
959
What is the highest common factor of 522 and 929643633?
261
What is the highest common factor of 8984574 and 9?
9
Calculate the highest common factor of 56 and 21909818.
14
Calculate the greatest common divisor of 811893 and 24.
3
Calculate the highest common divisor of 1609063 and 6.
1
Calculate the greatest common divisor of 120717 and 12148812.
459
Calculate the highest common divisor of 77661448 and 1178.
62
What is the highest common divisor of 389078272 and 256?
256
What is the highest common divisor of 24192 and 37896?
24
What is the greatest common divisor of 11 and 846830820?
11
Calculate the highest common factor of 648586660 and 23.
23
Calculate the greatest common divisor of 3317210915 and 1985.
1985
What is the greatest common factor of 41377 and 622725?
23
What is the highest common divisor of 358845488 and 80?
16
Calculate the highest common divisor of 16153365 and 30.
15
What is the highest common divisor of 7117 and 1019025?
647
Calculate the highest common divisor of 319346014 and 4238.
4238
What is the highest common divisor of 21050115 and 25?
5
Calculate the highest common factor of 51545 and 913445.
845
What is the greatest common factor of 12615 and 89094699?
2523
Calculate the highest common factor of 495493 and 45607.
773
What is the greatest common factor of 223375416 and 1416?
1416
What is the greatest common divisor of 2645 and 555050?
5
Calculate the highest common factor of 22545220 and 20.
20
Calculate the highest common divisor of 130326 and 179118.
642
What is the highest common factor of 13556 and 77852?
4
What is the greatest common factor of 8024 and 4335680?
136
Calculate the highest common divisor of 76043 and 2135683.
341
Calculate the greatest common factor of 275 and 846050.
25
What is the greatest common divisor of 27949696 and 96?
32
What is the highest common factor of 27535 and 30565?
5
What is the greatest common divisor of 2697157 and 435165?
433
What is the greatest common divisor of 152192 and 272281?
1189
What is the greatest common factor of 506175 and 900?
75
What is the highest common divisor of 10146 and 340259638?
3382
What is the greatest common divisor of 78 and 116606295?
39
What is the greatest common factor of 18 and 1360192?
2
Calculate the highest common factor of 10371 and 285952669.
3457
What is the greatest common divisor of 346716 and 804?
12
Calculate the highest common factor of 324559488 and 396.
132
What is the greatest common factor of 1291788 and 58644?
324
What is the highest common factor of 9671100 and 2100?
300
Calculate the greatest common factor of 62 and 740943958.
62
Calculate the highest common factor of 185562 and 186355.
793
What is the greatest common divisor of 6631 and 5954987?
349
Calculate the greatest common factor of 732219685 and 3793.
3793
What is the highest common factor of 1625928 and 9398?
74
What is the greatest common factor of 20065629 and 134?
67
What is the highest common divisor of 7502676 and 1416?
708
What is the highest common factor of 2889 and 7393486?
107
What is the greatest common divisor of 53998 and 16401182?
2842
What is the greatest common divisor of 481596 and 189744?
804
Calculate the highest common divisor of 1242 and 4545558.
54
What is the highest common factor of 8421814 and 11216?
1402
Calculate the greatest common divisor of 120161 and 3873227.
1123
What is the highest common divisor of 343876 and 377?
13
Calculate the greatest common factor of 3258766 and 38.
38
Calculate the highest common factor of 2377620 and 1215.
135
What is the highest common factor of 386744 and 12789?
29
Calculate the greatest common divisor of 8